
False
Is 20278393 a composite number?
False
Is 512999 a prime number?
True
Is 13592633 a composite number?
False
Is 2388587 a composite number?
True
Is 442051229 a composite number?
False
Is 1020169 a composite number?
True
Is 24071998 prime?
False
Is 959217677 a composite number?
True
Is 405543881 a composite number?
False
Is 152110285 composite?
True
Is 817526 a composite number?
True
Is 12270871 a prime number?
True
Is 58918697 a composite number?
False
Is 254964217 prime?
True
Is 137634071 composite?
True
Is 14514911 composite?
False
Is 2005411 prime?
False
Is 4893037 composite?
False
Is 29451283 composite?
True
Is 120145711 composite?
True
Is 36636403 prime?
False
Is 14163947 prime?
False
Is 212018293 composite?
True
Is 907549 composite?
False
Is 6148223 prime?
False
Is 42079799 a prime number?
False
Is 21551015 a composite number?
True
Is 784831 a prime number?
True
Is 1559913 a prime number?
False
Is 3611623 a prime number?
True
Is 3628621 a composite number?
False
Is 29315509 prime?
True
Is 837715019 prime?
True
Is 1845601 prime?
True
Is 294881042 prime?
False
Is 63071777 prime?
True
Is 228039485 composite?
True
Is 10014709 a prime number?
True
Is 1544309579 a prime number?
True
Is 18414223 a composite number?
True
Is 161639 prime?
True
Is 61852919 composite?
True
Is 1894282945 prime?
False
Is 713708419 prime?
False
Is 435334693 prime?
False
Is 53857781 a prime number?
False
Is 304878533 a prime number?
True
Is 1691801 prime?
False
Is 12240937 a composite number?
False
Is 221308621 composite?
False
Is 5174101 composite?
True
Is 12849461 composite?
True
Is 19294523 a composite number?
False
Is 4744723 a prime number?
False
Is 214180793 composite?
True
Is 5233679 a prime number?
False
Is 88185541 composite?
True
Is 15435851 a prime number?
True
Is 39302339 composite?
True
Is 207305407 composite?
True
Is 6705451 a composite number?
True
Is 33474653 composite?
True
Is 1759763 a composite number?
False
Is 16591381 composite?
True
Is 473157821 composite?
True
Is 68636063 composite?
False
Is 5745053 a prime number?
True
Is 7336601 a composite number?
False
Is 99375707 a prime number?
False
Is 31429337 a prime number?
True
Is 20751259 composite?
True
Is 21004169 prime?
True
Is 147457231 prime?
False
Is 3354769 a prime number?
False
Is 49742065 composite?
True
Is 92038171 prime?
False
Is 5419774 a prime number?
False
Is 6534109 prime?
True
Is 9549321 prime?
False
Is 69950467 prime?
False
Is 336751 prime?
False
Is 7799453 prime?
True
Is 8491097 a composite number?
False
Is 441079609 composite?
False
Is 45644527 composite?
False
Is 80832967 a composite number?
False
Is 224461 a prime number?
True
Is 425031223 composite?
False
Is 2072991 composite?
True
Is 3806501 a prime number?
True
Is 487561 composite?
False
Is 395533 composite?
False
Is 7185749 a composite number?
True
Is 133562443 a composite number?
True
Is 379748197 a prime number?
True
Is 24330517 composite?
False
Is 12222763 prime?
False
Is 17098397 prime?
True
Is 233751611 a composite number?
False
Is 12042157 prime?
True
Is 713917 prime?
True
Is 5719333 composite?
False
Is 95904539 prime?
True
Is 870547 composite?
False
Is 81579283 a prime number?
True
Is 84603791 composite?
True
Is 127628443 a prime number?
False
Is 4265455 prime?
False
Is 65499029 a prime number?
True
Is 38947943 a composite number?
False
Is 5344957 prime?
True
Is 926309 prime?
True
Is 5422349 a prime number?
False
Is 3138301 a prime number?
False
Is 513699479 a composite number?
True
Is 1576973 a composite number?
False
Is 66734609 composite?
False
Is 5246809 prime?
True
Is 219265 composite?
True
Is 1163099 a prime number?
False
Is 335599909 a prime number?
True
Is 1625239501 prime?
False
Is 511409 a prime number?
True
Is 1701967 a composite number?
False
Is 669424467 a prime number?
False
Is 100157978 composite?
True
Is 330938479 a prime number?
True
Is 4654267 a prime number?
False
Is 199207 a composite number?
False
Is 94878237 prime?
False
Is 95746561 a composite number?
False
Is 284820911 a composite number?
False
Is 13530653 a composite number?
False
Is 37120159 composite?
True
Is 3008267 a composite number?
False
Is 36629267 prime?
True
Is 3687967 composite?
False
Is 556633009 prime?
True
Is 4884937 a composite number?
False
Is 77745197 prime?
False
Is 20507717 prime?
True
Is 17407823 composite?
False
Is 13761309 a prime number?
False
Is 3002749 a composite number?
True
Is 134533783 composite?
True
Is 8022281 prime?
True
Is 392593 prime?
True
Is 13277549 prime?
False
Is 72509383 composite?
False
Is 580373 a prime number?
True
Is 14400239 a composite number?
True
Is 35262491 a composite number?
True
Is 8300449 prime?
False
Is 2567311 prime?
True
Is 15602983 a prime number?
False
Is 16322063 a composite number?
True
Is 25768063 prime?
True
Is 112499007 composite?
True
Is 11703193 a composite number?
True
Is 21645551 prime?
True
Is 5753047 composite?
True
Is 1468703 prime?
False
Is 37961549 a prime number?
False
Is 339799 prime?
True
Is 47826239 prime?
False
Is 2565298 a prime number?
False
Is 29449097 a composite number?
True
Is 4331371 prime?
False
Is 17921487 prime?
False
Is 3454249 prime?
True
Is 80745485 prime?
False
Is 42930313 a prime number?
False
Is 933077 a prime number?
False
Is 820190807 composite?
False
Is 2698571 a composite number?
False
Is 6002231 a composite number?
True
Is 70093837 a composite number?
True
Is 755257 composite?
False
Is 66788587 a prime number?
False
Is 48587299 a prime number?
True
Is 156728927 composite?
True
Is 8398946 a composite number?
True
Is 1496111 a composite number?
False
Is 45552109 prime?
False
Is 4380677 prime?
False
Is 163039 a prime number?
False
Is 12269167 prime?
True
Is 6788419 prime?
False
Is 21518197 composite?
False
Is 3018801 prime?
False
Is 578360371 a composite number?
False
Is 107672291 a prime number?
False
Is 147134321 prime?
False
Is 5457937 composite?
True
Is 520615 a prime number?
False
Is 29458873 composite?
True
Is 1158187 a composite number?
False
Is 19144769 a prime number?
False
Is 34703173 a composite number?
False
Is 1019503 composite?
False
Is 27085042 a composite number?
True
Is 70226179 composite?
False
Is 8620939 a prime number?
False
Is 498703 a prime number?
False
Is 373717 composite?
False
Is 40975081 a prime number?
False
Is 12679703 a prime number?
False
Is 200254423 composite?
False
Is 326086041 a prime number?
False
Is 2868323 composite?
False
Is 23711461 a prime number?
True
Is 72850867 prime?
False
Is 1009622683 a prime number?
True
Is 6253559 prime?
False
Is 17542297 a prime number?
False
Is 67021613 composite?
False
Is 131476927 a composite number?
False
Is 8548171 composite?
False
Is 1939097 prime?
True
Is 21745517 prime?
True
Is 28314457 composite?
False
Is 1328909 prime?
True
Is 194442047 composite?
False
Is 324940973 a composite number?
True
Is 288876509 a composite number?
False
Is 5204627 a composite number?
True
Is 34034939 a prime number?
True
Is 2058354997 a composite number?
False
Is 87646769 a prime number?
False
Is 33357197 a composite number?
True
Is 1712901 a composite number?
True
Is 59118421 prime?
False
Is 200090819 prime?
True
Is 120076843 a composite number?
False
Is 1965241 a prime number?
False
Is 3868939 a composite number?
True
Is 2921689 prime?
True
Is 167099 a prime number?
True
Is 280583 a prime number?
True
Is 29334013 a composite number?
False
Is 14556433 a composite number?
True
Is 279969905 a composite number?
True
Is 14352473 composite?
True
Is 20519971 a prime number?
False
Is 330607751 a prime number?
False
Is 4715027 composite?
False
Is 374366381 a prime number?
True
Is 54844367 a composite number?
True
Is 25794586 a composite number?
True
Is 146974417 a composite number?
False
Is 39015223 a prime number?
False
Is 218195599 prime?
True
Is 70122687 a prime number?
False
Is 2422573 composite?
True
Is 156971 a composite number?
False
Is 778223141 composite?
True
Is 209884457 composite?
True
Is 5095411 composite?
True
Is 11161543 a composite number?
False
Is 5257741 a composite number?
False
Is 3830803 composite?
False
Is 16825709 a prime number?
False
Is 132686441 a composite number?
False
Is 2334743 prime?
True
Is 252359 prime?
True
Is 16052901 a prime number?
False
Is 7453555 a prime numbe